 what is 42 + 4144?
4230
In base 5, what is 1102003 - 11?
1101442
In base 14, what is 1b + 9c5?
a02
In base 10, what is -6996090 - -3?
-6996087
In base 8, what is 7 - 2363675?
-2363666
In base 8, what is -7363311 + -5?
-7363316
In base 5, what is -1 - 10030303?
-10030304
In base 4, what is -331003 - 3313?
-1000322
In base 16, what is -54d - -25?
-528
In base 15, what is 32 - -1050?
1082
In base 3, what is -2211201 - 121?
-2212022
In base 10, what is -4 + -35446?
-35450
In base 15, what is 1bb - -59?
225
In base 4, what is 110300 - 133333?
-23033
In base 11, what is 824a4 + -4?
824a0
In base 15, what is -1 - -4594?
4593
In base 9, what is -688480 - 0?
-688480
In base 11, what is 8 + 359?
366
In base 8, what is -30 - 4203?
-4233
In base 4, what is -2030302 + 23?
-2030213
In base 8, what is -1505477 + 5?
-1505472
In base 9, what is 5745 + 124?
5870
In base 16, what is -bd - -ae0?
a23
In base 8, what is 2164 - 0?
2164
In base 7, what is 1 - -24210?
24211
In base 14, what is 412b + 12?
413d
In base 16, what is 1 + -27a7?
-27a6
In base 14, what is -5ba8b7 + -5?
-5ba8bc
In base 9, what is 3180 - -210?
3400
In base 3, what is 12201110212 - -22?
12201111011
In base 14, what is -2 - -38635?
38633
In base 11, what is 430 - 3a9?
32
In base 6, what is 1 - 23333105?
-23333104
In base 7, what is 5 - 332?
-324
In base 2, what is 1000110 - 101000001?
-11111011
In base 11, what is 167653 + -5?
167649
In base 8, what is 5 + -10047635?
-10047630
In base 8, what is 56246 - -34?
56302
In base 5, what is 14240 + 20?
14310
In base 13, what is -1ac0 - -3?
-1aba
In base 13, what is -4 - -43ac?
43a8
In base 15, what is 13c7 + -e3?
12d4
In base 2, what is 100101111 + -10001001001?
-1100011010
In base 9, what is -236 - -156?
-70
In base 14, what is a168b - 5?
a1686
In base 5, what is 134 - -1433143?
1433332
In base 5, what is -410 + -312?
-1222
In base 7, what is 20 + 116146?
116166
In base 6, what is 503521 - -40?
504001
In base 12, what is 1024 + 47?
106b
In base 15, what is -a0d + 25?
-9d8
In base 6, what is -411115 + 13?
-411102
In base 11, what is -49 - -875?
827
In base 6, what is 21 + 2522?
2543
In base 3, what is -10 + 102101201201?
102101201121
In base 5, what is -1222044 - 100?
-1222144
In base 8, what is 12212 - 67?
12123
In base 6, what is -10411 + -22?
-10433
In base 16, what is 104d - -9?
1056
In base 8, what is -2742 - 202?
-3144
In base 11, what is -11 + -21786?
-21797
In base 14, what is -148 - -597d?
5835
In base 14, what is -6 - 1bc?
-1c4
In base 13, what is -5 + 2768?
2763
In base 11, what is -122 + -2804?
-2926
In base 7, what is 66 + 504640?
505036
In base 13, what is 12cba4 - -1?
12cba5
In base 9, what is -6724 - -35?
-6678
In base 16, what is 863e + e?
864c
In base 8, what is -500050 + 37?
-500011
In base 9, what is 127053 + 0?
127053
In base 2, what is 10010 + -10110100001?
-10110001111
In base 12, what is 16a + -ab74?
-aa06
In base 2, what is 10100101 + 10010001110011?
10010100011000
In base 7, what is -6342446 - 3?
-6342452
In base 12, what is -1647 - -5a?
-15a9
In base 11, what is -a13 + -3a4?
-1307
In base 15, what is 6 + 41b?
422
In base 15, what is ea - 15b?
-61
In base 11, what is -6 - a04a7?
-a0502
In base 5, what is 324444 - 3441?
321003
In base 8, what is -241 - 2313?
-2554
In base 11, what is 34 - -733?
767
In base 9, what is 107 - -264?
372
In base 4, what is -1120333 + -11200?
-1132133
In base 13, what is 167 + 32c0?
3457
In base 5, what is -2 - 44321030?
-44321032
In base 15, what is 2dec + -5?
2de7
In base 14, what is -5 - -d9b?
d96
In base 7, what is -200332 + -1?
-200333
In base 9, what is 5 - -17402?
17407
In base 3, what is 12 - 211211200?
-211211111
In base 10, what is -1092567 - 0?
-1092567
In base 6, what is 40153 - 12?
40141
In base 14, what is -5 + -c94c?
-c953
In base 11, what is -38 + -782?
-80a
In base 15, what is -20 + 309a?
307a
In base 2, what is -10011100110 + 10100010?
-10001000100
In base 4, what is 312303023 + -10?
312303013
In base 4, what is 10 - 3123001?
-3122331
In base 10, what is -4 - -306717?
306713
In base 9, what is 826012 + -3?
826008
In base 2, what is -10110 + -100011001010111?
-100011001101101
In base 7, what is -6 + -21426?
-21435
In base 10, what is 3817 + -27?
3790
In base 13, what is -13 + 21b4?
21a1
In base 7, what is -30140 + -5?
-30145
In base 3, what is 1 + 2212011000?
2212011001
In base 9, what is -71487 + -4?
-71502
In base 5, what is 4 - -400203?
400212
In base 7, what is -1 + 5323441?
5323440
In base 16, what is -258 - 6c?
-2c4
In base 13, what is 12959 + 58?
129b4
In base 10, what is -617808 + 5?
-617803
In base 6, what is 25231 + 1?
25232
In base 13, what is 0 - 911b?
-911b
In base 12, what is 331 - 5b?
292
In base 3, what is 12 - 21220120?
-21220101
In base 7, what is -1232530 + 6?
-1232521
In base 13, what is 11892 - 1?
11891
In base 5, what is -332 + -34121?
-40003
In base 16, what is 4de8 + -1c?
4dcc
In base 7, what is 3 - -3524421?
3524424
In base 4, what is 20 + -11213300?
-11213220
In base 9, what is -286 + 743?
446
In base 3, what is 12000210211212 - 0?
12000210211212
In base 16, what is 3 + 10428?
1042b
In base 3, what is -1201120 - -2111?
-1122002
In base 10, what is -4 - 93770?
-93774
In base 16, what is 3d560 - -5?
3d565
In base 8, what is 10 - -426340?
426350
In base 10, what is -10638 - -3?
-10635
In base 2, what is -1011100 + 1000111000010?
1000101100110
In base 14, what is 270a2 - 7?
27099
In base 5, what is 20 - -420310?
420330
In base 14, what is 2 + 413b?
413d
In base 6, what is 1112404 - 100?
1112304
In base 10, what is 5097 - 8?
5089
In base 13, what is 854 - -76?
8ca
In base 4, what is 112 - 100122?
-100010
In base 8, what is 47457135 - -2?
47457137
In base 6, what is -11203 - -31?
-11132
In base 5, what is 4032 - 1024?
3003
In base 8, what is -15751 + -2?
-15753
In base 12, what is -b + -24093?
-240a2
In base 6, what is -140243 - 20?
-140303
In base 11, what is 2695 - -672?
3257
In base 11, what is -37a20 + -3?
-37a23
In base 6, what is 1 + -21001430?
-21001425
In base 5, what is 403331 - 20?
403311
In base 2, what is 1001001000 - -10101?
1001011101
In base 16, what is 44f35 + -6?
44f2f
In base 4, what is -2 - 131332?
-132000
In base 8, what is -10 - -16257?
16247
In base 8, what is 0 + 3753?
3753
In base 13, what is 315 - c?
306
In base 11, what is 1379 - 270?
1109
In base 3, what is -1021 + 111?
-210
In base 9, what is 33 - 320?
-276
In base 7, what is -2154 + -16?
-2203
In base 2, what is 100 - -110100010101011010?
110100010101011110
In base 13, what is 11b - 1688?
-156a
In base 11, what is -1009785 + 4?
-1009781
In base 5, what is -1410132 + 4?
-1410123
In base 13, what is 18844 - 7b?
18796
In base 12, what is 17a + 92a?
aa8
In base 7, what is -62 + 2165?
2103
In base 12, what is -7145 + -24?
-7169
In base 3, what is -122 + -2210200?
-2211022
In base 16, what is 1627 + 74?
169b
In base 10, what is 7365 + -41?
7324
In base 12, what is 457029 - -3?
457030
In base 7, what is 125 + 413?
541
In base 16, what is b658 - 4?
b654
In base 10, what is 7 - -9685?
9692
In base 10, what is -29 - 35717?
-35746
In base 15, what is -77105e - 2?
-771061
In base 7, what is 4313 + 131?
4444
In base 9, what is 2281 - 86?
2184
In base 15, what is 3e7c3 + -a?
3e7b8
In base 9, what is 1 + -23433?
-23432
In base 11, what is -a782 + -5?
-a787
In base 11, what is 56 - -20a7?
2152
In base 10, what is 2563048 - -4?
2563052
In base 15, what is 30 - -6e4?
724
In base 15, what is 5 - d04a9?
-d04a4
In base 10, what is -4 + -13116?
-13120
In base 16, what is 5808 + 1?
5809
In base 10, what is -64 - -31388?
31324
In base 16, what is f9fb - 2?
f9f9
In base 7, what is -3 + 2232366?
2232363
In base 8, what is 0 - 20763?
-20763
In base 2, what is -1111000000000 - -11000?
-1110111101000
In base 4, what is -113110030 - -21?
-113110003
In base 12, what is -4 - 47742?
-47746
In base 13, what is 80039 + 4?
80040
In base 6, what is -1013155 + -143?
-1013342
In base 13, what is 2 - 109587?
-109585
In base 3, what is 1200010 + -1021?
1121212
In base 8, what is 1157 - 4041?
-2662
In base 5, what is -10 - -1424141?
1424131
In base 16, what is -165 - 648?
-7ad
In base 3, what is 11 - -1011101100?
1011101111
In base 16, what is 4d2 - 11?
4c1
In base 16, what is -5 + -2ed2c?
-2ed31
In base 11, what is 107 +